(-1593))/(4/(-756402)) a prime number?
True
Let s be (1 + (-53)/5)*30/(-2). Is 54/s + (-324869)/(-8) a prime number?
True
Let c(b) = 5*b**2 - 50*b - 280. Let w be c(-5). Suppose -229012 = -w*g + 81*g. Is g a prime number?
False
Let z(y) = -86960*y + 47. Is z(-1) composite?
True
Let k(p) = 1985*p**2 + 18*p - 44. Is k(-9) a prime number?
True
Suppose -5*g + 4*q + 134909 = 0, 21*q - 22*q - 80937 = -3*g. Is g composite?
True
Let b be (10 + -8)*(55 - (-2 + 2)). Suppose b = -4*o + 78. Is (-782 + -4)*(3 + 28/o) prime?
False
Suppose -9*r + 928523 = 188174. Is r a composite number?
False
Suppose 8 = -g - 4*j, -3*g + 51 = j - 4*j. Let i be (-6)/4 + (-3)/(g/(-3958)). Suppose m + 3*m = i. Is m a prime number?
False
Suppose 55 = -7*y - 43. Is 12/y + (-10466153)/(-259) a prime number?
False
Is (-1563)/(-6)*(-2712)/(-12) composite?
True
Is (17 + -12)*-2*(-630009)/45 a composite number?
True
Let d = 30 + -70. Let y = 43 + d. Suppose -k - 2*x - 212 + 954 = 0, 740 = k + y*x. Is k a composite number?
True
Let o(r) be the second derivative of 0 - 6*r - 67/3*r**3 - 23/2*r**2. Is o(-15) prime?
True
Suppose 9877397 = 710*w - 691*w. Is w prime?
True
Let p(a) = -2*a**3 + 6*a**2 + 8*a + 5. Let o be p(4). Suppose 2045 = o*i - 34050. Is i composite?
False
Suppose -2*u + 4*u - 3*y = -19, -4*u - 28 = -4*y. Suppose m + 2*c = 1, 5*m - 11 - 42 = 2*c. Is u/m - (-68632)/72 a prime number?
True
Let a(g) = 10511*g**2 + 23*g + 55. Is a(-2) composite?
True
Let l be (-3)/(-2)*(-24)/9. Let n be 1174/(((-8)/l)/(-2)). Is ((-27)/18)/(3/n) composite?
False
Suppose 4*t + 557585 = 4*k - 617263, 5*t + 293692 = k. Is k composite?
False
Suppose -3*r + 27391 = -5*x, 0 = r - 56*x + 55*x - 9129. Is r a prime number?
True
Suppose 0 = 4*v + 3*q - 1457064, 144 = q + 140. Is v a composite number?
True
Let x(b) = 58*b + 39. Let w(h) = h + 19. Let v(d) = -d**3 + 11*d**2 - 18*d. Let i be v(9). Let y be w(i). Is x(y) prime?
False
Let c = -43 + 26. Let t = c - -36. Suppose -14*g = -t*g + 3295. Is g a composite number?
False
Suppose -m + 6*c - 3*c - 1116 = 0, 0 = -2*m + 3*c - 2217. Let j = 2590 - m. Is j a composite number?
False
Is (-26 + (-94979)/68)/((-9)/12) composite?
True
Suppose -74*s = -4330457 - 8597565. Is s prime?
True
Let g(m) = m**3 - 97*m**2 + 147*m + 1574. Is g(97) a prime number?
False
Let x = 66818 + -31063. Is x a composite number?
True
Let g = -271 - -264. Let c(q) = -301*q + 10. Is c(g) composite?
True
Let l be 3243 + (8/(-52) - (-48)/(-26)). Suppose 3*r - 1169 = -2*i + 777, -i = 5*r - l. Is r + (12/4 - 2) a composite number?
True
Let f be (2 + -3)/((-1)/2921). Suppose -x + 4*h + f = 0, 1 + 3 = 2*h. Is x a composite number?
True
Suppose -4*u - 19 = -27. Suppose -p - 61621 - 35071 = -4*r, 5*r - 120865 = u*p. Is (-2)/(-5 + 8 + r/(-8057)) a composite number?
True
Let u(t) = 1648*t**2 - 2*t + 3. Suppose 0 = 5*r - h - 872, 3*r - 516 = 3*h - 0*h. Let d be 28/r*5 + (-2)/(-10). Is u(d) a composite number?
True
Let k = 42 + -83. Let q = k + 44. Suppose -389 = -n - 4*v, 4*n - 1594 = -0*v + q*v. Is n a prime number?
True
Let w = 30 - 23. Suppose -12 = 10*k - w*k. Let r = k + 27. Is r a prime number?
True
Let p = -173 - -180. Suppose -2*m = -5*q - 7633, -3*m - p*q + 11421 = -5*q. Is m prime?
False
Let r(s) = s**2 - 8*s - 1. Let x be r(11). Suppose -3*t = 4*f + 28, -3*f + x = -5*t - 6*f. Is (1 - 31/4)*-24 - t prime?
False
Let j be 4*276 - (-3)/(-3). Suppose -3*b + b - 9*b - 7194 = 0. Let q = j + b. Is q a composite number?
False
Let x = 21 - -2. Suppose -l = x - 416. Is l a composite number?
True
Suppose 220124 = 4*o + 18*p - 14*p, 4*p = -5*o + 275157. Is o a prime number?
False
Let p(w) = 7531*w**2 + 17*w - 43. Is p(-7) prime?
True
Suppose -w + 10*w - 72 = 0. Is (4/(w/65498))/1 a composite number?
False
Let k(z) = 297*z**2 - 8*z - 85. Is k(8) composite?
False
Suppose 14 - 1 = -13*a. Is ((-7)/(-28)*20156)/((-1)/a) a prime number?
True
Let r(p) = -p**3 + 17*p**2 - 9. Let j be r(17). Let w be 6/((-1)/(-3) - 15/j). Suppose 4*q - 2*o - 3954 = 0, -w*q - q - 3*o + 3959 = 0. Is q prime?
False
Let l = -42635 + 77244. Is l a prime number?
False
Let w be ((-7)/14 - (-10465)/(-2))*2. Let x = -1084 - w. Is x a composite number?
True
Let u(p) = -p**3 - 5*p**2 - 2*p - 13. Let b be u(-5). Let i be b/1 - (1 + 0 - 6). Suppose 3*f - 5*c = 133, i*f = 3*f - c - 45. Is f composite?
True
Suppose 151*s = 110*s + 12013. Is s a composite number?
False
Let k = -169110 + 602401. Is k a prime number?
True
Let y(d) = 120*d - 1. Suppose 2*w + 5*l + 16 = 0, 8 = -2*w - l - 0*l. Let m be 6/5*(-10)/w. Is y(m) composite?
False
Suppose 12*t = -79*t + 4346705 - 675492. Is t a prime number?
True
Suppose -48*d - 16*d = 2176. Let n(p) = -60*p - 217. Is n(d) a prime number?
True
Let y(d) = 1557*d**2 - 384*d + 46. Is y(-15) prime?
False
Suppose 36*p + p = -37. Let n(i) = 2437*i**2 + 13*i + 13. Is n(p) a composite number?
False
Let a = 110087 - 41538. Is a prime?
False
Suppose 4*w = -25 + 21. Is (55/110)/(1/(-24758)*w) prime?
True
Let z = -15091 + 67314. Is z a prime number?
True
Let j = -51 - -48. Let k be (-2 - -1) + -2 - -400 - j. Suppose 236 = 6*c - k. Is c a prime number?
False
Let d = -767 + 1515. Suppose 2*l - d = 1626. Is l prime?
True
Is -42494*7/70*-5 composite?
False
Let d = 186322 - 51995. Is d a composite number?
False
Let l(m) = 13425*m**2 + 184*m + 64. Is l(-9) composite?
True
Suppose 68*a = 44*a + 229358 + 547930. Is a a prime number?
False
Suppose -4*q - 16 = 0, -3*b - 2*q = 10 + 4. Is 5765 + 9 + b + 5 prime?
False
Let n = 223 - 223. Suppose l + 1623 = 3*k, n = -l - 0*l. Is k a prime number?
True
Suppose -16*k - 74504 + 197987 = -999509. Is k a composite number?
True
Let d(z) = -2*z**3 + z**2 - 3*z - 2. Let i be d(-1). Suppose 5*b = -l + 24, -3*l - i = -1. Is 5/b*683 + -4 prime?
False
Let j(x) = -3*x**3 - 14*x**2 + 3*x - 1. Let d be j(-5). Suppose 0 = 11*t + d*t - 505480. Is t a prime number?
False
Let a(q) = 108*q - 13. Suppose 4*h = 3*h + 2. Let o be h*7/5*(-15)/(-6). Is a(o) a prime number?
True
Let c be -5 + (-28)/(-7) + 0 + 7. Suppose 5*j = -2*a - 10 - c, 0 = 2*a - 4*j - 20. Let w(g) = 489*g**2 + 8*g - 11. Is w(a) a composite number?
True
Is (-10)/(-115) - (-5)/(230/8108002) a composite number?
False
Suppose -6*g - 112751 = -11*g + 2*z, 2*z + 6 = 0. Is g composite?
False
Let w(m) = -82*m + 41. Let s be (-1332)/168 + (-2)/28. Is w(s) prime?
False
Let h = 352682 - 149151. Is h composite?
False
Let p(a) = -564*a - 13. Let y(o) = -3*o + 1. Let u(m) = p(m) + 6*y(m). Let b = 1 - 3. Is u(b) a composite number?
True
Is (-15)/120 + (-8)/(320/(-58250685)) prime?
True
Let c = -28 - -2. Let r be 1/(c/91 + (-5819)/(-20342)). Suppose -f + 2*a = -2*a - 963, 0 = -3*f - 5*a + r. Is f a composite number?
False
Suppose -3*b = 4*n - 1467, 3*n - 2*b - 1036 = 60. Suppose 0 = -3*d - 3*u + n, 0*u = -3*u. Is d prime?
False
Let m = -770855 + 1387764. Is m composite?
False
Let i(t) = 72*t**2 - t + 2. Suppose 0 = 4*z - 19 + 3. Let j be i(z). Is (1 - -1) + (j - 1) prime?
True
Let j = -1335 + 586. Let c(u) = 483*u - 7. Let z be c(-5). Let n = j - z. Is n a composite number?
True
Let c = 172661 - 84802. Is c a composite number?
True
Let t(g) = -11*g**3 + 5*g + 4. Let p be t(-1). Let m(b) = 454*b - 41. Is m(p) a composite number?
True
Let c(k) be the first derivative of 2247*k**2/2 - 7*k - 65. Is c(2) a prime number?
False
Suppose -10217 = -9*o + 17116. Suppose 20*h - o = 19*h. Is h a composite number?
False
Suppose 2*w + 19 = 3*n, 0*w = 3*w + 15. Suppose 2*r - 4 = 3*r - n*j, 5*r + j = 28. Suppose -r*s + 347 = -368. Is s a composite number?
True
Suppose 17*l = 4*l + 122005. Suppose 0 = -3*o + l + 9734. Is o a composite number?
False
Let a(s) be the second derivative of 8909*s**4/12 - 13*s**3/6 - 13*s**2/2 - 195*s. Is a(-1) composite?
True
Let y be 0 + (-8)/4 - (-3 - -1). Suppose y = 9*a - 0 - 9. Is 19131/(-14)*((-2)/(-6) - a) a composite number?
False
Suppose -597*c + 16989676 = -11708711. Is c a prime number?
False
Suppose -2*y - 4*u = -176454, 3*y - u + 176430 = 5*y. Is y a prime number?
True
Let c(i) = 19*i**2 - 3*i - 25. Let g(t) = 1 + 0*t - 42*t**2 + 4*t + 43*t**2. Let o be g(-5). Is c(o) composite?
False
Let q = -129 - -132. Suppose 4*o - 34 = -2*j, -2*o + 7 = -q*j + 34. Suppose -17*i + j*i = -204. Is i a composite number?
True
Suppose 242